{"id":1547,"date":"2022-04-12T20:12:49","date_gmt":"2022-04-12T23:12:49","guid":{"rendered":"https:\/\/cobem.com.br\/2022\/?page_id=1547"},"modified":"2022-07-04T20:44:18","modified_gmt":"2022-07-04T23:44:18","slug":"hospedagem","status":"publish","type":"page","link":"https:\/\/cobem.com.br\/2022\/hospedagem\/","title":{"rendered":"Hospedagem"},"content":{"rendered":"\t\t<div data-elementor-type=\"wp-page\" data-elementor-id=\"1547\" class=\"elementor elementor-1547\">\n\t\t\t\t\t\t<div class=\"elementor-inner\">\n\t\t\t\t<div class=\"elementor-section-wrap\">\n\t\t\t\t\t\t\t\t\t<section class=\"elementor-section elementor-top-section elementor-element elementor-element-420c082 elementor-section-height-min-height elementor-section-items-top elementor-section-boxed elementor-section-height-default\" data-id=\"420c082\" data-element_type=\"section\" data-settings=\"{&quot;background_background&quot;:&quot;classic&quot;}\">\n\t\t\t\t\t\t<div class=\"elementor-container elementor-column-gap-default\">\n\t\t\t\t\t\t\t<div class=\"elementor-row\">\n\t\t\t\t\t<div class=\"elementor-column elementor-col-100 elementor-top-column elementor-element elementor-element-3365024\" data-id=\"3365024\" data-element_type=\"column\">\n\t\t\t<div class=\"elementor-column-wrap elementor-element-populated\">\n\t\t\t\t\t\t\t<div class=\"elementor-widget-wrap\">\n\t\t\t\t\t\t<div class=\"elementor-element elementor-element-cb49f57 elementor-widget elementor-widget-heading\" data-id=\"cb49f57\" data-element_type=\"widget\" data-widget_type=\"heading.default\">\n\t\t\t\t<div class=\"elementor-widget-container\">\n\t\t\t<h2 class=\"elementor-heading-title elementor-size-default\">HOSPEDAGEM<\/h2>\t\t<\/div>\n\t\t\t\t<\/div>\n\t\t\t\t\t\t<\/div>\n\t\t\t\t\t<\/div>\n\t\t<\/div>\n\t\t\t\t\t\t\t\t<\/div>\n\t\t\t\t\t<\/div>\n\t\t<\/section>\n\t\t\t\t<section class=\"elementor-section elementor-top-section elementor-element elementor-element-f62d6f9 elementor-section-boxed elementor-section-height-default elementor-section-height-default\" data-id=\"f62d6f9\" data-element_type=\"section\" data-settings=\"{&quot;background_background&quot;:&quot;classic&quot;}\">\n\t\t\t\t\t\t<div class=\"elementor-container elementor-column-gap-default\">\n\t\t\t\t\t\t\t<div class=\"elementor-row\">\n\t\t\t\t\t<div class=\"elementor-column elementor-col-100 elementor-top-column elementor-element elementor-element-f16c5a4\" data-id=\"f16c5a4\" data-element_type=\"column\">\n\t\t\t<div class=\"elementor-column-wrap elementor-element-populated\">\n\t\t\t\t\t\t\t<div class=\"elementor-widget-wrap\">\n\t\t\t\t\t\t<div class=\"elementor-element elementor-element-774fd2e elementor-widget elementor-widget-heading\" data-id=\"774fd2e\" data-element_type=\"widget\" data-widget_type=\"heading.default\">\n\t\t\t\t<div class=\"elementor-widget-container\">\n\t\t\t<h2 class=\"elementor-heading-title elementor-size-default\">Hotel Parceiro do 60\u00ba COBEM<\/h2>\t\t<\/div>\n\t\t\t\t<\/div>\n\t\t\t\t\t\t<\/div>\n\t\t\t\t\t<\/div>\n\t\t<\/div>\n\t\t\t\t\t\t\t\t<\/div>\n\t\t\t\t\t<\/div>\n\t\t<\/section>\n\t\t\t\t<section class=\"elementor-section elementor-top-section elementor-element elementor-element-5eb1a37 elementor-section-boxed elementor-section-height-default elementor-section-height-default\" data-id=\"5eb1a37\" data-element_type=\"section\" data-settings=\"{&quot;background_background&quot;:&quot;classic&quot;}\">\n\t\t\t\t\t\t<div class=\"elementor-container elementor-column-gap-default\">\n\t\t\t\t\t\t\t<div class=\"elementor-row\">\n\t\t\t\t\t<div class=\"elementor-column elementor-col-50 elementor-top-column elementor-element elementor-element-daa7de8\" data-id=\"daa7de8\" data-element_type=\"column\">\n\t\t\t<div class=\"elementor-column-wrap elementor-element-populated\">\n\t\t\t\t\t\t\t<div class=\"elementor-widget-wrap\">\n\t\t\t\t\t\t<div class=\"elementor-element elementor-element-b84b4aa elementor-widget elementor-widget-text-editor\" data-id=\"b84b4aa\" data-element_type=\"widget\" data-widget_type=\"text-editor.default\">\n\t\t\t\t<div class=\"elementor-widget-container\">\n\t\t\t\t\t\t\t\t<div class=\"elementor-text-editor elementor-clearfix\">\n\t\t\t\t<p><strong>Rafain Palace Hotel &amp; Convention<\/strong><\/p><p><span style=\"text-decoration: underline;\">Endere\u00e7o:<\/span><br \/>Av. Ol\u00edmpio Rafagnin, 2357 &#8211; Parque Imperatriz<br \/>Foz do Igua\u00e7u &#8211; PR | CEP: 85862-210<\/p><p><span style=\"text-decoration: underline;\">Link para Reserva com Desconto:<\/span><br \/><span style=\"color: #008000;\"><a style=\"color: #008000;\" href=\"https:\/\/myreservations.omnibees.com\/default.aspx?q=1485&amp;CheckIn=03112022&amp;CheckOut=06112022&amp;ad=2&amp;ch=0&amp;coupon=#\/&amp;diff=false&amp;CheckIn=03112022&amp;CheckOut=06112022&amp;Code=COBEM2022&amp;group_code=&amp;loyality_card=&amp;NRooms=1&amp;ad=2&amp;ch=0&amp;ag=-\" target=\"_blank\" rel=\"noopener\">COBEM2022 (clique aqui)<\/a><\/span><\/p><p><span style=\"text-decoration: underline;\">Importante:<\/span><br \/>A disponibilidade de quartos \u00e9 limitada, fa\u00e7a j\u00e1 sua reserva!<\/p>\t\t\t\t\t<\/div>\n\t\t\t\t\t\t<\/div>\n\t\t\t\t<\/div>\n\t\t\t\t\t\t<\/div>\n\t\t\t\t\t<\/div>\n\t\t<\/div>\n\t\t\t\t<div class=\"elementor-column elementor-col-50 elementor-top-column elementor-element elementor-element-bb8809b\" data-id=\"bb8809b\" data-element_type=\"column\">\n\t\t\t<div class=\"elementor-column-wrap elementor-element-populated\">\n\t\t\t\t\t\t\t<div class=\"elementor-widget-wrap\">\n\t\t\t\t\t\t<div class=\"elementor-element elementor-element-af149f6 elementor-widget elementor-widget-image\" data-id=\"af149f6\" data-element_type=\"widget\" data-widget_type=\"image.default\">\n\t\t\t\t<div class=\"elementor-widget-container\">\n\t\t\t\t\t\t\t\t<div class=\"elementor-image\">\n\t\t\t\t\t\t\t\t\t\t\t\t<img width=\"660\" height=\"495\" src=\"https:\/\/cobem.com.br\/2022\/wp-content\/uploads\/2020\/03\/58_cobem_hotel_oficial.jpg\" class=\"attachment-large size-large\" alt=\"\" loading=\"lazy\" srcset=\"https:\/\/cobem.com.br\/2022\/wp-content\/uploads\/2020\/03\/58_cobem_hotel_oficial.jpg 660w, https:\/\/cobem.com.br\/2022\/wp-content\/uploads\/2020\/03\/58_cobem_hotel_oficial-300x225.jpg 300w\" sizes=\"(max-width: 660px) 100vw, 660px\" \/>\t\t\t\t\t\t\t\t\t\t\t\t\t\t<\/div>\n\t\t\t\t\t\t<\/div>\n\t\t\t\t<\/div>\n\t\t\t\t\t\t<\/div>\n\t\t\t\t\t<\/div>\n\t\t<\/div>\n\t\t\t\t\t\t\t\t<\/div>\n\t\t\t\t\t<\/div>\n\t\t<\/section>\n\t\t\t\t<section class=\"elementor-section elementor-top-section elementor-element elementor-element-eeeda7a elementor-section-boxed elementor-section-height-default elementor-section-height-default\" data-id=\"eeeda7a\" data-element_type=\"section\" data-settings=\"{&quot;background_background&quot;:&quot;classic&quot;}\">\n\t\t\t\t\t\t<div class=\"elementor-container elementor-column-gap-default\">\n\t\t\t\t\t\t\t<div class=\"elementor-row\">\n\t\t\t\t\t<div class=\"elementor-column elementor-col-100 elementor-top-column elementor-element elementor-element-6d1af8f\" data-id=\"6d1af8f\" data-element_type=\"column\">\n\t\t\t<div class=\"elementor-column-wrap elementor-element-populated\">\n\t\t\t\t\t\t\t<div class=\"elementor-widget-wrap\">\n\t\t\t\t\t\t<div class=\"elementor-element elementor-element-205d2b5 elementor-widget-divider--view-line elementor-widget elementor-widget-divider\" data-id=\"205d2b5\" data-element_type=\"widget\" data-widget_type=\"divider.default\">\n\t\t\t\t<div class=\"elementor-widget-container\">\n\t\t\t\t\t<div class=\"elementor-divider\">\n\t\t\t<span class=\"elementor-divider-separator\">\n\t\t\t\t\t\t<\/span>\n\t\t<\/div>\n\t\t\t\t<\/div>\n\t\t\t\t<\/div>\n\t\t\t\t<div class=\"elementor-element elementor-element-3b826b7 elementor-widget elementor-widget-text-editor\" data-id=\"3b826b7\" data-element_type=\"widget\" data-widget_type=\"text-editor.default\">\n\t\t\t\t<div class=\"elementor-widget-container\">\n\t\t\t\t\t\t\t\t<div class=\"elementor-text-editor elementor-clearfix\">\n\t\t\t\t<p><b>Demais op\u00e7\u00f5es de Hospedagem<\/b><\/p><p><span style=\"text-decoration: underline;\">Link para Acesso aos Hot\u00e9is:<\/span><br \/><span style=\"color: #008000;\"><a style=\"color: #008000;\" href=\"https:\/\/eventos.mmcreceptivo.com.br\/lista-hotel\/congresso-brasileiro-de-educacao-medica\" target=\"_blank\" rel=\"noopener\">Clique Aqui<\/a><\/span><\/p><p><span style=\"text-decoration: underline;\">Importante:<\/span><br \/>A disponibilidade de quartos \u00e9 limitada, fa\u00e7a j\u00e1 sua reserva!<\/p>\t\t\t\t\t<\/div>\n\t\t\t\t\t\t<\/div>\n\t\t\t\t<\/div>\n\t\t\t\t\t\t<\/div>\n\t\t\t\t\t<\/div>\n\t\t<\/div>\n\t\t\t\t\t\t\t\t<\/div>\n\t\t\t\t\t<\/div>\n\t\t<\/section>\n\t\t\t\t<section class=\"elementor-section elementor-top-section elementor-element elementor-element-4ca24e7 elementor-section-boxed elementor-section-height-default elementor-section-height-default\" data-id=\"4ca24e7\" data-element_type=\"section\" data-settings=\"{&quot;background_background&quot;:&quot;classic&quot;}\">\n\t\t\t\t\t\t<div class=\"elementor-container elementor-column-gap-default\">\n\t\t\t\t\t\t\t<div class=\"elementor-row\">\n\t\t\t\t\t<div class=\"elementor-column elementor-col-100 elementor-top-column elementor-element elementor-element-270ea38\" data-id=\"270ea38\" data-element_type=\"column\">\n\t\t\t<div class=\"elementor-column-wrap elementor-element-populated\">\n\t\t\t\t\t\t\t<div class=\"elementor-widget-wrap\">\n\t\t\t\t\t\t<div class=\"elementor-element elementor-element-efb1187 elementor-widget-divider--view-line elementor-widget elementor-widget-divider\" data-id=\"efb1187\" data-element_type=\"widget\" data-widget_type=\"divider.default\">\n\t\t\t\t<div class=\"elementor-widget-container\">\n\t\t\t\t\t<div class=\"elementor-divider\">\n\t\t\t<span class=\"elementor-divider-separator\">\n\t\t\t\t\t\t<\/span>\n\t\t<\/div>\n\t\t\t\t<\/div>\n\t\t\t\t<\/div>\n\t\t\t\t<div class=\"elementor-element elementor-element-4dd760b elementor-widget elementor-widget-spacer\" data-id=\"4dd760b\" data-element_type=\"widget\" data-widget_type=\"spacer.default\">\n\t\t\t\t<div class=\"elementor-widget-container\">\n\t\t\t\t\t<div class=\"elementor-spacer\">\n\t\t\t<div class=\"elementor-spacer-inner\"><\/div>\n\t\t<\/div>\n\t\t\t\t<\/div>\n\t\t\t\t<\/div>\n\t\t\t\t\t\t<\/div>\n\t\t\t\t\t<\/div>\n\t\t<\/div>\n\t\t\t\t\t\t\t\t<\/div>\n\t\t\t\t\t<\/div>\n\t\t<\/section>\n\t\t\t\t\t\t\t\t\t<\/div>\n\t\t\t<\/div>\n\t\t\t\t\t<\/div>\n\t\t","protected":false},"excerpt":{"rendered":"<p>HOSPEDAGEM Hotel Parceiro do 60\u00ba COBEM Rafain Palace Hotel &amp; Convention Endere\u00e7o:Av. Ol\u00edmpio Rafagnin, 2357 &#8211; Parque ImperatrizFoz do Igua\u00e7u &#8211; PR | CEP: 85862-210 Link para Reserva com Desconto:COBEM2022 (clique aqui) Importante:A disponibilidade de quartos \u00e9 limitada, fa\u00e7a j\u00e1 sua reserva! Demais op\u00e7\u00f5es de Hospedagem Link para Acesso aos Hot\u00e9is:Clique Aqui Importante:A disponibilidade de [&hellip;]<\/p>\n","protected":false},"author":1,"featured_media":0,"parent":0,"menu_order":4,"comment_status":"closed","ping_status":"closed","template":"elementor_header_footer","meta":[],"_links":{"self":[{"href":"https:\/\/cobem.com.br\/2022\/wp-json\/wp\/v2\/pages\/1547"}],"collection":[{"href":"https:\/\/cobem.com.br\/2022\/wp-json\/wp\/v2\/pages"}],"about":[{"href":"https:\/\/cobem.com.br\/2022\/wp-json\/wp\/v2\/types\/page"}],"author":[{"embeddable":true,"href":"https:\/\/cobem.com.br\/2022\/wp-json\/wp\/v2\/users\/1"}],"replies":[{"embeddable":true,"href":"https:\/\/cobem.com.br\/2022\/wp-json\/wp\/v2\/comments?post=1547"}],"version-history":[{"count":19,"href":"https:\/\/cobem.com.br\/2022\/wp-json\/wp\/v2\/pages\/1547\/revisions"}],"predecessor-version":[{"id":1876,"href":"https:\/\/cobem.com.br\/2022\/wp-json\/wp\/v2\/pages\/1547\/revisions\/1876"}],"wp:attachment":[{"href":"https:\/\/cobem.com.br\/2022\/wp-json\/wp\/v2\/media?parent=1547"}],"curies":[{"name":"wp","href":"https:\/\/api.w.org\/{rel}","templated":true}]}}