{"id":287,"date":"2020-02-27T07:42:17","date_gmt":"2020-02-27T10:42:17","guid":{"rendered":"http:\/\/cobem.com.br\/2020\/?page_id=287"},"modified":"2021-08-11T22:32:28","modified_gmt":"2021-08-12T01:32:28","slug":"sobre-cobem","status":"publish","type":"page","link":"https:\/\/cobem.com.br\/2021\/o-cobem\/sobre-cobem\/","title":{"rendered":"Sobre"},"content":{"rendered":"\t\t<div data-elementor-type=\"wp-page\" data-elementor-id=\"287\" class=\"elementor elementor-287\" data-elementor-settings=\"[]\">\n\t\t\t\t\t\t<div class=\"elementor-inner\">\n\t\t\t\t\t\t\t<div class=\"elementor-section-wrap\">\n\t\t\t\t\t\t\t<section class=\"elementor-section elementor-top-section elementor-element elementor-element-420c082 elementor-section-height-min-height elementor-section-items-top elementor-section-boxed elementor-section-height-default\" data-id=\"420c082\" data-element_type=\"section\" data-settings=\"{&quot;background_background&quot;:&quot;classic&quot;}\">\n\t\t\t\t\t\t<div class=\"elementor-container elementor-column-gap-default\">\n\t\t\t\t\t\t\t<div class=\"elementor-row\">\n\t\t\t\t\t<div class=\"elementor-column elementor-col-100 elementor-top-column elementor-element elementor-element-3365024\" data-id=\"3365024\" data-element_type=\"column\">\n\t\t\t<div class=\"elementor-column-wrap elementor-element-populated\">\n\t\t\t\t\t\t\t<div class=\"elementor-widget-wrap\">\n\t\t\t\t\t\t<div class=\"elementor-element elementor-element-cb49f57 elementor-widget elementor-widget-heading\" data-id=\"cb49f57\" data-element_type=\"widget\" data-widget_type=\"heading.default\">\n\t\t\t\t<div class=\"elementor-widget-container\">\n\t\t\t<h2 class=\"elementor-heading-title elementor-size-default\">SOBRE O EVENTO<\/h2>\t\t<\/div>\n\t\t\t\t<\/div>\n\t\t\t\t\t\t<\/div>\n\t\t\t\t\t<\/div>\n\t\t<\/div>\n\t\t\t\t\t\t\t\t<\/div>\n\t\t\t\t\t<\/div>\n\t\t<\/section>\n\t\t\t\t<section class=\"elementor-section elementor-top-section elementor-element elementor-element-f62d6f9 elementor-section-boxed elementor-section-height-default elementor-section-height-default\" data-id=\"f62d6f9\" data-element_type=\"section\" data-settings=\"{&quot;background_background&quot;:&quot;classic&quot;}\">\n\t\t\t\t\t\t<div class=\"elementor-container elementor-column-gap-default\">\n\t\t\t\t\t\t\t<div class=\"elementor-row\">\n\t\t\t\t\t<div class=\"elementor-column elementor-col-100 elementor-top-column elementor-element elementor-element-f16c5a4\" data-id=\"f16c5a4\" data-element_type=\"column\">\n\t\t\t<div class=\"elementor-column-wrap elementor-element-populated\">\n\t\t\t\t\t\t\t<div class=\"elementor-widget-wrap\">\n\t\t\t\t\t\t<div class=\"elementor-element elementor-element-774fd2e elementor-widget elementor-widget-heading\" data-id=\"774fd2e\" data-element_type=\"widget\" data-widget_type=\"heading.default\">\n\t\t\t\t<div class=\"elementor-widget-container\">\n\t\t\t<h2 class=\"elementor-heading-title elementor-size-default\">SOBRE O 59\u00ba COBEM<\/h2>\t\t<\/div>\n\t\t\t\t<\/div>\n\t\t\t\t<div class=\"elementor-element elementor-element-a54aff5 elementor-aspect-ratio-169 elementor-widget elementor-widget-video\" data-id=\"a54aff5\" data-element_type=\"widget\" data-settings=\"{&quot;youtube_url&quot;:&quot;https:\\\/\\\/youtu.be\\\/MMVE723wORE&quot;,&quot;video_type&quot;:&quot;youtube&quot;,&quot;controls&quot;:&quot;yes&quot;,&quot;aspect_ratio&quot;:&quot;169&quot;}\" data-widget_type=\"video.default\">\n\t\t\t\t<div class=\"elementor-widget-container\">\n\t\t\t\t\t<div class=\"elementor-wrapper elementor-fit-aspect-ratio elementor-open-inline\">\n\t\t\t<div class=\"elementor-video\"><\/div>\t\t<\/div>\n\t\t\t\t<\/div>\n\t\t\t\t<\/div>\n\t\t\t\t<div class=\"elementor-element elementor-element-a304a24 elementor-widget elementor-widget-text-editor\" data-id=\"a304a24\" data-element_type=\"widget\" data-widget_type=\"text-editor.default\">\n\t\t\t\t<div class=\"elementor-widget-container\">\n\t\t\t\t\t\t\t\t<div class=\"elementor-text-editor elementor-clearfix\">\n\t\t\t\t<p style=\"text-align: left;\">Comunidade da educa\u00e7\u00e3o m\u00e9dica brasileira, anunciamos nosso Cobem 2021!<\/p><p>Esta edi\u00e7\u00e3o do congresso, al\u00e9m da relev\u00e2ncia de sempre, abrir\u00e1 um ano de celebra\u00e7\u00e3o para a Abem: neste 59\u00ba Cobem iniciam-se as comemora\u00e7\u00f5es dos 60 anos da nossa Associa\u00e7\u00e3o. Come\u00e7ar este ciclo de alegrias ainda no contexto da pandemia de Covid-19 nos traz desafios, expectativas e frustra\u00e7\u00f5es, pois encerramos 2020 com o firme prop\u00f3sito de realizar o Cobem 2021 presencialmente em Foz do Igua\u00e7u. Mas a Abem, em suas seis d\u00e9cadas, superou muitos desafios, soube sempre se atualizar e se adequar a cada momento hist\u00f3rico e n\u00e3o ser\u00e1 diferente neste segundo ano de pandemia. Assim, realizaremos mais uma vers\u00e3o on-line de nosso Congresso, com o tema <strong>Educa\u00e7\u00e3o M\u00e9dica Transformadora: revisitando o passado, vivendo o presente e esperan\u00e7ando o futuro!<\/strong><\/p><p>Temos inspira\u00e7\u00e3o para superar os desafios e inovar mais uma vez! Ainda que no mesmo formato on-line, certamente teremos um Cobem surpreendente e encantador como o de 2020! Nos inspiramos nos ensinamentos de Paulo Freire neste ano em que comemoramos seu centen\u00e1rio de nascimento, e nele encontramos um de nossos esteios e est\u00edmulos. Vamos avan\u00e7ar em eixos de debates relacionados com a releitura curricular em tempos de isolamento social, a forma\u00e7\u00e3o pol\u00edtica\/cidad\u00e3 do m\u00e9dico no Brasil, com \u00eanfase na autonomia e no cuidado, e a avalia\u00e7\u00e3o em tempos de ensino h\u00edbrido!<\/p><p>Como tem sido em nossos Congressos Brasileiros de Educa\u00e7\u00e3o M\u00e9dica, a ABEM estar\u00e1 empenhada nesta organiza\u00e7\u00e3o e convoca a todas e todos para construirmos um momento f\u00e9rtil de discuss\u00e3o, compartilhamento de experi\u00eancias e busca de melhores encaminhamentos, com vistas ao aprimoramento da forma\u00e7\u00e3o de m\u00e9dicos para o exerc\u00edcio de uma profiss\u00e3o cada vez mais humana e socialmente referenciada, \u00e9tica, reflexiva e embasada em evid\u00eancias.<\/p><p><br \/>Bem-vindos ao 59\u00ba Cobem!<\/p>\t\t\t\t\t<\/div>\n\t\t\t\t\t\t<\/div>\n\t\t\t\t<\/div>\n\t\t\t\t<div class=\"elementor-element elementor-element-1e64017 elementor-widget elementor-widget-spacer\" data-id=\"1e64017\" data-element_type=\"widget\" data-widget_type=\"spacer.default\">\n\t\t\t\t<div class=\"elementor-widget-container\">\n\t\t\t\t\t<div class=\"elementor-spacer\">\n\t\t\t<div class=\"elementor-spacer-inner\"><\/div>\n\t\t<\/div>\n\t\t\t\t<\/div>\n\t\t\t\t<\/div>\n\t\t\t\t\t\t<\/div>\n\t\t\t\t\t<\/div>\n\t\t<\/div>\n\t\t\t\t\t\t\t\t<\/div>\n\t\t\t\t\t<\/div>\n\t\t<\/section>\n\t\t\t\t\t\t<\/div>\n\t\t\t\t\t\t<\/div>\n\t\t\t\t\t<\/div>\n\t\t","protected":false},"excerpt":{"rendered":"<p>SOBRE O EVENTO SOBRE O 59\u00ba COBEM https:\/\/youtu.be\/MMVE723wORE Comunidade da educa\u00e7\u00e3o m\u00e9dica brasileira, anunciamos nosso Cobem 2021! Esta edi\u00e7\u00e3o do congresso, al\u00e9m da relev\u00e2ncia de sempre, abrir\u00e1 um ano de celebra\u00e7\u00e3o para a Abem: neste 59\u00ba Cobem iniciam-se as comemora\u00e7\u00f5es dos 60 anos da nossa Associa\u00e7\u00e3o. Come\u00e7ar este ciclo de alegrias ainda no contexto da [&hellip;]<\/p>\n","protected":false},"author":1,"featured_media":0,"parent":181,"menu_order":1,"comment_status":"closed","ping_status":"closed","template":"elementor_header_footer","meta":[],"_links":{"self":[{"href":"https:\/\/cobem.com.br\/2021\/wp-json\/wp\/v2\/pages\/287"}],"collection":[{"href":"https:\/\/cobem.com.br\/2021\/wp-json\/wp\/v2\/pages"}],"about":[{"href":"https:\/\/cobem.com.br\/2021\/wp-json\/wp\/v2\/types\/page"}],"author":[{"embeddable":true,"href":"https:\/\/cobem.com.br\/2021\/wp-json\/wp\/v2\/users\/1"}],"replies":[{"embeddable":true,"href":"https:\/\/cobem.com.br\/2021\/wp-json\/wp\/v2\/comments?post=287"}],"version-history":[{"count":29,"href":"https:\/\/cobem.com.br\/2021\/wp-json\/wp\/v2\/pages\/287\/revisions"}],"predecessor-version":[{"id":1112,"href":"https:\/\/cobem.com.br\/2021\/wp-json\/wp\/v2\/pages\/287\/revisions\/1112"}],"up":[{"embeddable":true,"href":"https:\/\/cobem.com.br\/2021\/wp-json\/wp\/v2\/pages\/181"}],"wp:attachment":[{"href":"https:\/\/cobem.com.br\/2021\/wp-json\/wp\/v2\/media?parent=287"}],"curies":[{"name":"wp","href":"https:\/\/api.w.org\/{rel}","templated":true}]}}